90. Calculate i(3).
-30
Let t(u) = -47*u + 8. Calculate t(1).
-39
Let u(m) = 227*m - 1643. What is u(9)?
400
Let r(c) = c**3 - 55*c**2 - 235*c - 49. Calculate r(59).
10
Let o(f) = f**3 - 47*f**2 + 48*f - 6. What is o(46)?
86
Let o(i) = i**3 + 28*i**2 + 74*i - 4. Calculate o(-25).
21
Let g(w) = w**2 + 5*w - 591. Calculate g(22).
3
Let a(v) = -v**2 - 32*v - 61. Calculate a(-22).
159
Let b(r) = 11*r + 794. What is b(-70)?
24
Let i(x) = 13*x - 149. What is i(12)?
7
Let j(v) = v**3 - 29*v**2 + 49*v + 20. What is j(27)?
-115
Let x(g) = 33*g**3 + 4*g**2 - 4*g + 1. What is x(1)?
34
Let t(z) = -886*z - 1802. What is t(-2)?
-30
Let n(t) = -193*t - 16221. Give n(-84).
-9
Let p(q) = q**3 - 53*q**2 - 83*q + 1558. Give p(54).
-8
Let i(o) = -14*o + 588. What is i(42)?
0
Let a(p) = -p**3 - 12*p**2 - 32*p - 125. What is a(-5)?
-140
Let h(k) = -89*k - 1578. Determine h(-7).
-955
Let r(s) = -76*s**3 + 2*s**2 - 3*s + 2. Give r(1).
-75
Let q(f) = 5*f**2 - 177*f + 852. Determine q(6).
-30
Let i(q) = -145*q**3 - q**2 + 2*q. Determine i(-1).
142
Let i(z) = z**3 - 6*z**2 + 33*z - 158. Determine i(5).
-18
Let q(y) = -2*y**2 - 63*y + 42. Give q(-27).
285
Let b(q) = 47*q - 174. Calculate b(2).
-80
Let u(i) = 452*i - 2250. Determine u(5).
10
Let s(x) = 23*x - 227. Determine s(10).
3
Let a(l) = -l - 287. What is a(19)?
-306
Let k(l) = 3*l**2 + 24*l + 9. What is k(-7)?
-12
Let p(h) = 2*h**2 - 95*h - 771. Determine p(-7).
-8
Let o(z) = -3*z**2 - 5*z + 10. Calculate o(-3).
-2
Let z(n) = 4*n**2 - 16*n - 133. What is z(-4)?
-5
Let j(i) = -11*i**2 - 396*i + 25. Determine j(-36).
25
Let c(i) = 8*i**2 - 17*i - 40. Determine c(5).
75
Let i(r) = r**3 - 130*r**2 + 618*r + 872. Give i(125).
-3
Let p(u) = -15*u - 243. What is p(-11)?
-78
Let u(p) = -p**2 + 27. What is u(-5)?
2
Let t(b) = -b**3 + 10*b**2 - 12*b + 3. Calculate t(7).
66
Let t(j) = j**3 - 2*j**2 - 19*j + 5. Determine t(-8).
-483
Let a(m) = 44*m**2 - 261*m - 33. What is a(6)?
-15
Let q(a) = 916*a + 5499. What is q(-6)?
3
Let f(i) = 440*i + 2629. Give f(-6).
-11
Let t(s) = -75*s + 602. Give t(8).
2
Let d(y) = y**3 + 258*y**2 - 1318*y - 866. Give d(-263).
-77
Let w(p) = -44*p - 64. What is w(-9)?
332
Let m(t) = 3458*t - 3477. Give m(1).
-19
Let q(n) = 2*n**2 + 16*n + 40. Calculate q(-9).
58
Let u(x) = -x**2 - 30*x - 184. Calculate u(-9).
5
Let w(q) = q**3 + 52*q**2 - 240*q - 892. What is w(-56)?
4
Let f(g) = -2*g**2 + 129*g + 854. Determine f(-6).
8
Let d(y) = 7*y**2 - 47*y + 28. What is d(3)?
-50
Let c(r) = 3771*r + 79229. Determine c(-21).
38
Let j(o) = 2*o**2 - 37*o + 102. Give j(13).
-41
Let s(y) = y**3 + 12*y**2 + 38*y + 349. Determine s(-12).
-107
Let i(x) = -7445*x - 52131. Calculate i(-7).
-16
Let i(o) = 32*o + 48. Determine i(-1).
16
Let a(p) = -721*p + 10834. Determine a(15).
19
Let i(d) = -3*d**3 + 79*d**2 - 34*d + 200. Give i(26).
-8
Let p(a) = -13*a**2 - 7*a - 5. Give p(2).
-71
Let o(v) = -v**3 + 9*v**2 + 218*v + 16. What is o(20)?
-24
Let y(n) = n + 38. What is y(-51)?
-13
Let b(l) = 30*l - 308. What is b(8)?
-68
Let t(f) = 19*f + 898. Determine t(-47).
5
Let j(q) = -7*q**2 + 14*q + 13. Give j(-5).
-232
Let c(o) = -o**2 + 52*o - 320. What is c(47)?
-85
Let d(y) = -22*y - 684. Give d(-31).
-2
Let v(x) = 6*x**3 - 3*x**2 - 18*x + 64. Give v(3).
145
Let p(v) = -2*v**2 + 4*v + 133. Calculate p(-7).
7
Let s(i) = -25*i**2 - 571*i + 97. What is s(-23)?
5
Let v(j) = -j**3 + 53*j**2 - 64*j + 455. Calculate v(52).
-169
Let j(s) = -218*s + 3290. Give j(15).
20
Let h(b) = -b**3 - 30*b**2 - 215*b + 29. What is h(-18)?
11
Let m(g) = -11*g - 245. Calculate m(-34).
129
Let y(t) = 3*t**2 + 1833*t + 12799. Give y(-7).
115
Let i(u) = -u**3 - 15*u**2 - 21*u - 2. Determine i(-14).
96
Let k(p) = -p**3 - 25*p**2 + 21*p - 171. What is k(-26)?
-41
Let o(g) = 52*g - 3547. Calculate o(67).
-63
Let j(v) = 2*v**3 + 65*v**2 + 35*v + 102. Determine j(-32).
6
Let b(w) = 88*w**2 + 76*w - 5. Calculate b(-1).
7
Let i(r) = 4*r**3 - 34*r**2 - 44*r + 232. Give i(9).
-2
Let f(v) = 2*v**3 - 104*v**2 + 2*v - 89. Determine f(52).
15
Let i(g) = -117*g - 582. What is i(-5)?
3
Let s(n) = -n**3 + 25*n**2 - 530*n + 10210. What is s(22)?
2
Let n(h) = -27*h**2 + 7*h - 36. What is n(0)?
-36
Let n(f) = 17*f**2 - 37*f - 104. Determine n(-3).
160
Let t(z) = -100*z**3 + 4*z**2 - 4. What is t(-1)?
100
Let r(g) = -14*g + 65. Give r(3).
23
Let n(d) = -29*d + 5. Determine n(-6).
179
Let u(a) = -a**3 + 12*a**2 - 23*a - 30. Give u(9).
6
Let f(o) = -39*o**2 - 5888*o + 160. Calculate f(-151).
9
Let u(a) = 23*a + 100. Give u(-4).
8
Let p(x) = x**2 + 11*x + 14. Give p(-1).
4
Let l(j) = -314*j - 41. What is l(1)?
-355
Let c(f) = 473*f + 41624. What is c(-88)?
0
Let q(s) = -538*s - 4831. Calculate q(-9).
11
Let a(l) = -6*l**2 - 119*l + 554. Give a(4).
-18
Let h(y) = -145*y - 24. What is h(-1)?
121
Let j(d) = 11*d + 113. What is j(-6)?
47
Let t(p) = -143*p - 5. What is t(1)?
-148
Let u(j) = 945*j + 18915. Determine u(-20).
15
Let g(q) = q**3 - 42*q**2 - 447*q - 688. What is g(51)?
-76
Let d(n) = 2428*n - 14586. Determine d(6).
-18
Let n(u) = -u**2 - 14*u - 9. Calculate n(-5).
36
Let h(r) = -5*r**3 + 34*r**2 + 2*r + 31. Calculate h(7).
-4
Let w(v) = -v**3 - 19*v**2 - 42*v + 49. Determine w(-15).
-221
Let w(z) = z**3 - 22*z**2 + 60*z - 8. What is w(18)?
-224
Let s(z) = 29194*z - 233557. What is s(8)?
-5
Let f(n) = n**3 + 22*n**2 + 59*n - 22. What is f(-19)?
-60
Let a(c) = -c**3 + 7*c**2 + 99*c - 576. What is a(5)?
-31
Let h(q) = 194*q + 213. Determine h(-1).
19
Let s(w) = -46*w**2 - 4084*w + 898. Calculate s(-89).
8
Let f(m) = m**3 - 2*m**2 - 20*m + 53. Give f(4).
5
Let v(n) = n**3 + 23*n**2 + 101*n + 28. What is v(-11)?
369
Let o(f) = f**3 + 13*f**2 + f - 20. Determine o(-13).
-33
Let l(m) = -m**2 + 7. Give l(-2).
3
Let v(z) = z**3 + 13*z**2 + 4*z + 525. Calculate v(-15).
15
Let g(b) = -109*b + 13. What is g(1)?
-96
Let q(g) = -229*g + 38707. Determine q(169).
6
Let x(s) = 936*s - 5613. Determine x(6).
3
Let r(l) = -206*l - 602. What is r(-3)?
16
Let l(c) = 31*c - 887. Determine l(29).
12
Let c(w) = 291*w**2 - 17468*w + 478. Calculate c(60).
-2
Let q(v) = 3*v**2 - 427*v + 126. Give q(142).
-16
Let z(u) = -4*u + 61. Give z(11).
17
Let y(s) = -3*s**2 - 8*s + 3. Give y(3).
-48
Let l(o) = 44*o**2 - 4*o - 3. Give l(-2).
181
Let b(c) = -4*c**2 - 254*c + 749. Calculate b(3).
-49
Let y(u) = -u**2 - 88*u - 273. What is y(-3)?
-18
Let s(p) = -p**3 - 10*p**2 - 16*p - 5. Determine s(-9).
58
Let l(f) = 130*f - 144. Determine l(1).
-14
Let s(q) = -q**2 + 31*q + 117. Determine s(35).
-23
Let w(u) = -4*u**3 + 3*u**2 + 210*u - 44. What is w(-7)?
5
Let r(y) = -4*y + 46. Give r(7).
18
Let s(v) = 3*v**3 + 36*v**2 + 189*v + 55. What is s(-7)?
-533
Let l(a) = -a**2 - 16*a + 10. Give l(-15).
25
Let g(a) = -127*a - 4051. Calculate g(-32).
13
Let u(p) = -91*p + 1696. Calculate u(28).
-852
Let v(j) = -2*j**3 - 116*j**2 + 115*j - 92. Determine v(-59).
85
Let o(r) = r**3 + 33*r**2 + 35*r + 72. What is o(-32)?
-24
Let j(y) = -1109*y - 8878. Determine j(-8).
-6
Let g(t) = 2490*t - 12480. Give g(5).
-30
Let j(m) = -1139*m - 39877. Give j(-35).
-12
Let p(v) = -190*v + 2071. Calculate p(11).
-19
Let z(b) = -b + 2. Calculate z(-1).
3
Let x(q) = 5*q**3 - 4*q**2 + 32*q + 5. Calculate x(5).
690
Let t(f) = 84*f + 1912. Determine t(-22).
64
Let s(j) = 11*j**2 + 13*j + 17. Give s(0).
17
Let g(n) = 148*n - 2479. Determine g(17).
37
Let u(y) = 112*y - 1451. Give u(13).
5
Let p(l) = -l**3 - 51*l**2 - 51*l - 47. Calculate p(-50).
3
Let q(k) = -3407*k - 20417. Calculate q(-6).
25
Let u(j) = -25*j**2 + 176*j - 6. What is u(8)?
-198
Let w(u) = -10*u**2 - 45*u - 23. What is w(-4)?
-3
Let b(q) = -2*q**2 + 3*q + 48. Determine b(0).
48
Let y(c) = 65*c + 6. Calculate y(0).
6
Let c(y) = -30*y + 1432. Calculate c(48).
-8
Let x(l) = -84*l + 872. Calculate x(12).
-136
Let c(m) = m**3 - 6*m**2 - 4*m - 7. What is c(-4)?
-151
Let i(r) = 13*r**2 + 95*r + 88. Give i(-6).
-14
Let j(g) = -11*g - 131. Calculate j(-30).
199
Let l(y) = 308*y + 1238. Calculate l(-4).
6
Let x(i) = -265*i + 10352. Calculate x(39).
17
Let b(m) = 5*m**3 + 200*m**2 - 152*m + 2175. Give b(-41).
2
Let n(h) = h - 79. Calculate n(38).
-41
Let o(k) = 3*k**3 + 17*k**2 + 40. Calculate o(-6).
4
Let j(z) = z**3 + 41*z**2 - 60*z - 775. Determine j(-42).
-19
Let n(f) = -f*